st common divisor of v and 14.
7
Suppose 4*l - 3*j = -7*j + 52, -5*j + 33 = 3*l. Let o be ((-6)/8)/((-6)/l). Calculate the highest common factor of 1 and o.
1
Let a(p) = -p**3 + 4*p**2 + 6*p. Let i be a(5). Let l(d) = 2*d**2 - 3*d + 1. Let t be l(i). What is the greatest common divisor of t and 24?
12
Let j be (3 - 4)/(1/(-72)). Calculate the highest common divisor of j and 18.
18
Let y(m) = m - 2. Let k(j) = -j**2 - 5*j - 2. Let l be k(-4). Let q be y(l). Let n = 8 + q. Calculate the greatest common factor of n and 32.
8
Let k be ((-6)/(-5))/((-12)/(-210)). What is the highest common divisor of k and 21?
21
Suppose -9 = -r + 2*c + 4, -4*c = -4. Let o be r/(-4)*(-80)/6. What is the greatest common divisor of o and 125?
25
Suppose 0 = -0*d - 5*d + 15. Let a be 6/((-11)/(495/(-10))). Calculate the greatest common divisor of d and a.
3
Let n be (-167)/(-3) - (-12)/(-18). Let q = n + -22. What is the highest common factor of q and 3?
3
Let z(y) = 3*y + 1 - 2*y + 3. Let j be z(6). Let c be (-3)/((-2)/j - 0). What is the greatest common divisor of 15 and c?
15
Suppose -k = -4*i - 26, -7 + 1 = 2*i. Let a(f) = 21*f. Let s be a(-1). Let q be 4/k + (-204)/s. What is the greatest common divisor of q and 80?
10
Suppose -3*c + 48 = 5*t, 0 = -3*c - 3*t + 2*t + 36. Calculate the greatest common divisor of c and 11.
11
Let h = 5 + 67. What is the greatest common factor of 48 and h?
24
Suppose 2*s + 3*o - 210 = 7*o, -3*o - 525 = -5*s. Calculate the highest common divisor of 63 and s.
21
Let f be 3*5/3 + 5. Calculate the greatest common factor of 40 and f.
10
Let n(t) = t**3 + 9*t**2 + 7*t - 4. Let x be n(-8). Let u = x + -8. Let m be 9 + 0*(-2)/u. Calculate the greatest common factor of m and 72.
9
Let o(v) = -247*v**3 + v**2 + v + 1. Let t be o(-1). What is the greatest common divisor of 31 and t?
31
Let f be 3/(-12) + (-99)/(-12). Let z be (-90)/20*f/(-6). Calculate the highest common factor of 6 and z.
6
Suppose -3*a + 2*a = 0. Suppose a = 5*o - 0*q + 2*q - 65, 39 = 3*o - 3*q. Let b be 14/7 - (-52 - -2). Calculate the highest common divisor of b and o.
13
Suppose -m - 2*m = -54. Let k = 31 - 13. What is the highest common factor of k and m?
18
Suppose 5*l = -5*g + 645, 42 + 103 = g + 5*l. Let z = g + -61. Calculate the greatest common factor of z and 16.
16
Let g = -3 - -6. Suppose -2*j - 220 = -3*z, 2*z + g*j + 36 - 161 = 0. Calculate the greatest common divisor of z and 10.
10
Let g(m) be the first derivative of 17*m**2/2 + m - 1. Let k be g(1). Let b(x) = -x**2 + 13*x - 3. Let f be b(10). What is the highest common factor of k and f?
9
Let c be (-4)/24 + 13/6. Suppose t - c*t = -11. Calculate the greatest common divisor of 11 and t.
11
Let p = 63 + -7. Let r = p - 36. Calculate the highest common factor of r and 20.
20
Let a = 12 + -10. Let w be -30*(a/10 + -1). Suppose 2 - 4 = -2*n, 3*n = -v + 39. Calculate the greatest common divisor of w and v.
12
Suppose -5*g + 36 = -2*g. What is the greatest common factor of 12 and g?
12
Let i = 6 + 2. Calculate the greatest common factor of i and 56.
8
Let y(b) be the first derivative of -b**4/4 - b**3/3 + 11*b - 1. Let q be y(0). What is the highest common factor of q and 33?
11
Let c(g) = -g**3 + 8*g**2 + 8*g + 13. Let h be c(9). Let b = 11 - h. Calculate the highest common divisor of 56 and b.
7
Suppose -n = -0 - 4. Let u(j) = -3*j - 19 + n*j + 22. Let m be u(6). What is the highest common factor of m and 36?
9
Let q = 12 - 8. Suppose 0 = 3*u + 2*b - 76, u - 7*b = -3*b + 44. What is the greatest common factor of q and u?
4
Let x(n) = -5*n - 6. Let t be (-1 + (-5)/2)*2. Let f be x(t). Suppose -5*s = -69 + f. Calculate the greatest common factor of 64 and s.
8
Let d be 0 - -2 - (-2 + -147). Suppose s - 29 = -0*s - v, 5*s + 3*v = d. What is the greatest common factor of s and 80?
16
Let b be (178/(-6))/(2/(-6)). Let s = -56 + b. Calculate the highest common divisor of s and 11.
11
Let x = 13 - 11. Suppose h = -3*w + 22, 2*h = x*w - 0*h - 4. Suppose j = -0*j + 6. Calculate the greatest common divisor of j and w.
6
Let p(x) = -x**2 + 14. Let c be p(0). Suppose -l + 12 = l. Let o be 1/3 + 922/l. What is the highest common divisor of o and c?
14
Let k(p) = 3*p + 9. Let u be k(5). Calculate the greatest common divisor of 36 and u.
12
Let z(r) = 84*r**3 + r**2 - r. Let a(s) = 2*s**3 - s**2 - s + 1. Let x be a(1). Let h be z(x). What is the greatest common factor of h and 21?
21
Let t(w) = -5*w - 33. Let g be t(-9). Calculate the greatest common divisor of g and 192.
12
Suppose 0 = 4*v + 39 + 5. Let p = 17 - v. Let l(d) = 17*d + 2. Let o be l(4). Calculate the greatest common factor of o and p.
14
Let f = -2 + 6. Suppose -f*q = -0*q. Let t be 1 - -2 - (q + 1). Calculate the highest common divisor of 8 and t.
2
Let f = 393 + -281. What is the highest common factor of f and 14?
14
Let z(h) = 6*h - 10. Let q be z(7). Let s be 0 + 2/(-3)*3. Let g be (-322)/(-4) + s/4. What is the highest common divisor of q and g?
16
Let w(h) = -1 + 2*h**3 + 0*h**2 + 2*h**2 - 4*h**3. Let d be w(-1). Let x(p) = 6*p**2 + p + 3. Let s be x(d). What is the highest common divisor of 12 and s?
12
Let o be (-4)/(-22) + 1064/77. What is the greatest common divisor of o and 35?
7
Let k(l) = 36*l + 4. Let j be k(3). Let f = j - 80. Calculate the highest common divisor of 8 and f.
8
Let n be (2 + 0 + -3)*-11. Suppose 0 = -f + n + 2. Let l = f - 5. What is the greatest common factor of 64 and l?
8
Suppose w = -5*v + 2*w + 148, 0 = v + 3*w - 36. Let a = -1 + 4. Let s be (-1)/a - v/(-9). Calculate the highest common factor of 3 and s.
3
Suppose -4*h = -4*n - n - 21, 3*n + 3 = 0. Let l = 1 + h. What is the highest common divisor of l and 2?
1
Suppose -3*j + 97 = -71. Let k be (21/7 - -4) + 133. Calculate the greatest common factor of k and j.
28
Let a = -3 + 3. Suppose -y + a*y + 8 = 0. Let k(q) = -73*q**3 - 2*q**2 - q. Let j be k(-1). Calculate the highest common factor of j and y.
8
Suppose 14*f - 36 = 11*f. Let a(q) = q**2 - 2*q + 9. Let v(y) = -1. Let i(m) = a(m) + 3*v(m). Let k be i(6). Calculate the greatest common divisor of k and f.
6
Let u(s) = 43*s - 2. Let v be u(7). What is the highest common factor of v and 13?
13
Suppose 3*k - x = 61, -5*k + 4*x = -3*k - 54. Calculate the highest common factor of k and 152.
19
Let z be 51/18 - (-3)/18. Suppose -3*q = 4*x - 5, 0*q + z*x - 9 = -4*q. What is the highest common factor of q and 3?
3
Let h be ((-44)/12)/((-2)/42). Calculate the greatest common factor of 7 and h.
7
Suppose a + 4 = -2*p + 24, 0 = 2*a - 8. Calculate the highest common divisor of 24 and p.
8
Let x = 51 - 45. Calculate the greatest common divisor of 60 and x.
6
Suppose -2*s = -s + 3. Let j = -11 + 15. Let p = j + s. Calculate the highest common divisor of 11 and p.
1
Let j = -4 - 3. Let f = -1 - j. What is the greatest common factor of f and 3?
3
Let r be (-10 - 0)*10/4. Suppose -3*k + 7*k = -120. Let h be ((-10)/r)/((-1)/k). Calculate the highest common divisor of h and 6.
6
Let i(u) = -u - 8. Let t be (1 - 9)*3/6. Let k be i(t). Let q = k - -14. Calculate the highest common factor of q and 5.
5
Let q = -22 - -50. Let c be (-22)/(-5) + 6/(-15). What is the highest common factor of q and c?
4
Suppose 3*s - 5 - 4 = 0. Suppose k = -s*k + 8, 3*p - 3*k = 9. Let j = 12 - -13. Calculate the highest common divisor of p and j.
5
Let f(p) = -24*p**2 + 2*p - 4. Let j(q) = q**2 + 1. Let l(z) = -f(z) - 2*j(z). Let s be l(1). Calculate the greatest common divisor of s and 2.
2
Let i be (-5)/2*2*-1. Suppose -i*m + 144 = -106. What is the highest common factor of 10 and m?
10
Suppose 5*c - 2*c = 15. Suppose 25 = c*i - 10. Let k(h) = -h**2 + 12*h - 10. Let s be k(11). What is the highest common factor of i and s?
1
Let n = 8 - 5. Suppose -n*f + 2 + 1 = 0. Let g be (-3)/9*(-2 - f). Calculate the greatest common factor of g and 2.
1
Let b be (-18)/(-3) - -2 - 0. Calculate the highest common divisor of b and 64.
8
Let u = 26 + -18. Suppose 8 = -0*n + 2*n. Suppose 20 = 3*w - n. Calculate the greatest common factor of w and u.
8
Suppose -3 = 4*m - m. Let x be (0 + m)*(-5 - 5). What is the greatest common factor of 50 and x?
10
Let o be (-5)/10*(1 + -3). Suppose -o = -3*v + 5. Suppose -v*i = 9 - 41. Calculate the greatest common divisor of 48 and i.
16
S